n base 16, what is -5b - 4?
-5f
In base 6, what is 0 + 250?
250
In base 6, what is 130 + 101?
231
In base 4, what is -12111 + 3?
-12102
In base 9, what is -532 - -8?
-523
In base 2, what is 10 - 111010?
-111000
In base 2, what is 100 - -10010111011?
10010111111
In base 5, what is -3 - -113?
110
In base 7, what is 0 + -16?
-16
In base 8, what is -16 - 433?
-451
In base 2, what is -1010 - -1100000?
1010110
In base 15, what is 0 + 1a?
1a
In base 4, what is 1101 + 33?
1200
In base 11, what is -4900 - -3?
-48a8
In base 8, what is 41103 - 0?
41103
In base 13, what is 4 + -93?
-8c
In base 13, what is -31 - -4?
-2a
In base 6, what is 30143 - -2?
30145
In base 13, what is b4 + 1?
b5
In base 5, what is -10 + 101411?
101401
In base 13, what is 246c1 - 5?
246b9
In base 11, what is 31 - -56?
87
In base 13, what is 241 + -4?
23a
In base 2, what is 11110101100 + -10?
11110101010
In base 5, what is 0 - 1220?
-1220
In base 11, what is 56 + -3?
53
In base 5, what is -214 + 1?
-213
In base 9, what is -31587 - -2?
-31585
In base 2, what is -1 + 11001111001?
11001111000
In base 9, what is -2 - 201?
-203
In base 13, what is 0 + 39?
39
In base 3, what is 1100001 - -11?
1100012
In base 3, what is 1 + 12111110?
12111111
In base 5, what is -34 - -1?
-33
In base 8, what is 4 + -11025?
-11021
In base 7, what is 116 + 50?
166
In base 8, what is -2 - -4076?
4074
In base 14, what is -609 + -4?
-60d
In base 13, what is -5 - 17a?
-182
In base 2, what is -1001 + 1101111110?
1101110101
In base 9, what is -317 - -4?
-313
In base 11, what is -107 + -4?
-110
In base 8, what is -17202 - 1?
-17203
In base 7, what is -20 - 11250?
-11300
In base 16, what is 4 + -40?
-3c
In base 7, what is -5200 + -1?
-5201
In base 2, what is 11 - -11010?
11101
In base 9, what is -5 + -161?
-166
In base 8, what is 70 + 116?
206
In base 11, what is 9a92 + 3?
9a95
In base 6, what is 3 + -1140?
-1133
In base 15, what is -c9 - 2?
-cb
In base 15, what is 5 - 8?
-3
In base 6, what is -2 - 15102?
-15104
In base 6, what is 5 - -10?
15
In base 16, what is 1e + 8?
26
In base 3, what is 10 - -2110?
2120
In base 8, what is -6744 + -1?
-6745
In base 8, what is -6 + -1414?
-1422
In base 9, what is -2 + -76?
-78
In base 8, what is 5633 + 4?
5637
In base 14, what is -d - -121?
112
In base 6, what is -10 - 425?
-435
In base 16, what is 5 - 5d?
-58
In base 6, what is -4 + 50?
42
In base 2, what is -10001000111 + 101?
-10001000010
In base 9, what is -5 - -24?
18
In base 3, what is -1 + -101?
-102
In base 12, what is 1469 - -3?
1470
In base 13, what is -2 - -19?
17
In base 16, what is 7667 + 4?
766b
In base 11, what is 333 + -3?
330
In base 12, what is 2 - -512?
514
In base 7, what is 4 - -4336?
4343
In base 6, what is -502 + -13?
-515
In base 7, what is 0 + 104?
104
In base 13, what is 5b - 22?
39
In base 2, what is -100 - 1111101100?
-1111110000
In base 6, what is 2251 + 0?
2251
In base 3, what is -1021201 + -2?
-1021210
In base 10, what is 28 - -28?
56
In base 6, what is -345 + 134?
-211
In base 3, what is 11 + 2120?
2201
In base 16, what is -104 - 5?
-109
In base 2, what is -100111 - -10110?
-10001
In base 15, what is 49 - 1?
48
In base 10, what is 34 + -91?
-57
In base 9, what is -3 + -1767?
-1771
In base 14, what is -4 - 31d?
-323
In base 15, what is -20 + e?
-11
In base 8, what is -16344 - -3?
-16341
In base 14, what is 4 - 834?
-830
In base 6, what is 1 - 55?
-54
In base 9, what is 48 + -72?
-23
In base 15, what is 6 - 55?
-4e
In base 12, what is 4 + -78?
-74
In base 3, what is -10 - 1110100?
-1110110
In base 8, what is -2 + -2?
-4
In base 6, what is 0 + -14?
-14
In base 4, what is 21 - -3?
30
In base 2, what is -10 + 100100111?
100100101
In base 15, what is 6ac + 0?
6ac
In base 11, what is -78 - -7?
-71
In base 10, what is -123 - -2?
-121
In base 13, what is 1196 - 1?
1195
In base 3, what is -2100112 - 1?
-2100120
In base 7, what is 2262 + 1?
2263
In base 16, what is 1 + 479?
47a
In base 2, what is -101 + 0?
-101
In base 12, what is 0 + -292a?
-292a
In base 16, what is -4 - 550?
-554
In base 9, what is 71 - -5?
76
In base 8, what is -510 + 1?
-507
In base 14, what is -1668 - -5?
-1663
In base 7, what is -3 + 1023?
1020
In base 7, what is -2 + 1142?
1140
In base 14, what is -22 - -12?
-10
In base 8, what is -114 - 7?
-123
In base 12, what is -52 - 4?
-56
In base 13, what is -11 - -1?
-10
In base 8, what is -43 + -4?
-47
In base 8, what is 174 + -4?
170
In base 3, what is 221102 + -111?
220221
In base 12, what is 3263 - 0?
3263
In base 11, what is 116 + -3?
113
In base 8, what is 131 + 2?
133
In base 7, what is -456 - -6?
-450
In base 11, what is -43 + -88?
-120
In base 10, what is -9684 + -4?
-9688
In base 10, what is -10 - -14?
4
In base 5, what is 0 + 42?
42
In base 14, what is 4 - d0?
-ca
In base 12, what is -69 + -8b?
-138
In base 3, what is 12 + 1212?
2001
In base 15, what is -2 - 5d8?
-5da
In base 15, what is -35ce + -4?
-35d3
In base 11, what is -1 - 85?
-86
In base 14, what is -34c - -4?
-348
In base 15, what is 5 + 21?
26
In base 11, what is 2619 + 5?
2623
In base 4, what is -3 - 1011?
-1020
In base 7, what is 2403 - -2?
2405
In base 3, what is 11120 + 2?
11122
In base 13, what is 133 + -3?
130
In base 8, what is -26 - -305?
257
In base 7, what is -145016 + 3?
-145013
In base 2, what is 101100 - 11100?
10000
In base 11, what is 1295 - -3?
1298
In base 12, what is 36 - -5?
3b
In base 9, what is 3 - 1432?
-1428
In base 15, what is b + -20?
-14
In base 11, what is -9661 + 0?
-9661
In base 11, what is -5 - 482?
-487
In base 15, what is 1346 - 1?
1345
In base 15, what is -15 - a0?
-b5
In base 13, what is -16 + 13?
-3
In base 2, what is -100 - -1110110?
1110010
In base 9, what is 641 + 0?
641
In base 10, what is 5 + 28?
33
In base 7, what is 146 - -3?
152
In base 12, what is 312 - 6?
308
In base 7, what is 1042 - 3?
1036
In base 4, what is -1 + -2221?
-2222
In base 13, what is 2 - -32?
34
In base 7, what is -12 + 4?
-5
In base 2, what is -100 - 11010?
-11110
In base 9, what is -5 - -1657?
1652
In base 7, what is -24 - 214?
-241
In base 14, what is -74d - -4?
-749
In base 2, what is -1 + -10110001000?
-10110001001
In base 11, what is -5 - -124?
11a
In base 10, what is -7 + -208?
-215
In base 8, what is -41 - -227?
166
In base 12, what is 1572 + -8?
1566
In base 10, what is 40 + 2?
42
In base 5, what is -1140 - -3?
-1132
In base 11, what is -651 - 0?
-651
In base 11, what is -382 + -4?
-386
In base 3, what is 1121 - 112100?
-110202
In base 7, what is -1020 - 40?
-1060
In base 11, what is 302 - 11?
2a1
In base 13, what is 81 - 4?
7a
In base 12, what is -581 - -4?
-579
In base 8, what is 7 + 153?
162
In base 7, what is -233 + 3?
-230
In base 4, what is 11 - 1003331?
-1003320
In base 3, what is -2 - -121?
112
In base 3, what is -2 + -12?
-21
In base 6, what is 1102 - -130?
1232
In base 8, what is 2 + -426?
-424
In base 12, what is -3 + a9?
a6
In base 15, what is 5 + -5?
0
In base 14, what is 1 + 5?
6
In base 11, what is 5a + 7?
66
In base 2, what is -101 + -10100101?
-10101010
In base 10, what is 11 + 27?
38
In base 10, what is 3 - 890?
-887
In base 15, what is -c - 6a?
-77
In base 8, what is 0 - 603?
-603
In base 10, what is -2 - 249?
-251
In base 9, what is -12 + 270?
257
In base 13, what is -1 + -c58?
-c59
In base 8, what is -245 - -2?
-243
In base 16, what is e4ff - -2?
e501
In base 15, what is 2c - -6?
33
In base 12, what is -131 + 31?
-100
In base 15, what is 5 - -4?
9
In base 7, what is 1114 + -10?
1104
In base 5, what is -23 - -4?
-14
In base 4, what is 1002121 + -11?
1002110
In base 15, what is 3ca - -3?
3cd
In base 5, what is -43 - -3?
-40
In base 16, what is 7 - 13?
-c
In base 14, what is 71 + -2?
6d
In base 12, what is -5318 + -4?
-5320
In base 5, what is 310 - 210?
100
In base 11, what is -261 - -4?
-258
In base 8, what is -243 - 13?
-256
In base 5, what is -2 + -1430?
-1432
In base 16, what is -2058 + 2?
-2056
In base 13, what is 15 - -94?
a9
In base 16, what is 4 + 1212?
1216
In base 3, what is -11122 + -120?
-12012
In base 2, what is -100 - 1100?
-10000
In base 14, what is 5 - -29b?
2a2
In base 9, what is -2311 - -4?
-2306
In base 5, what is 1 - -1404?
1410
In base 5, what is 2 - 303?
-301
In base 14, what is -4 - -13a?
136
In base 8, what is 41 + -146?
-105
In base 9, what is 1175 + -21?
1154
I